+ -14. Calculate the remainder when l is divided by p.
12
Let t(z) = -5*z**2 + 4*z + 27. Let p(o) = -o**2 - o - 2. Let q(l) = 4*p(l) - t(l). Calculate the remainder when 51 is divided by q(12).
12
Suppose -148*h - 3509 + 253526 + 495459 = 0. What is the remainder when h is divided by 22?
21
Let t(l) = -l**3 - 8*l**2 + 4*l + 22. Let x be t(-8). What is the remainder when 44 is divided by (6*x/(-6))/1?
4
Suppose -2*z + 3*a = 3*z - 4398, 0 = z - 3*a - 882. Suppose -33*c + 541 + 185 = 0. What is the remainder when z is divided by c?
21
Suppose -98*c + 2000 = -18*c. Suppose -2*b - 1986 = -4*y, 0*y - 3*y = 2*b - 1507. Calculate the remainder when y is divided by c.
24
Calculate the remainder when 10532 is divided by 2/(-15) - ((-2)/4 + 342950/(-1500)).
227
Suppose -139*l + 72*l + 962 = -54*l. What is the remainder when 285 is divided by l?
63
Let y be 1/(-1) - 58*-1. Calculate the remainder when 320 is divided by (2/(-6))/((-1)/y).
16
Suppose -2*i + 0*i - 5*x + 324 = 0, -5*i = -3*x - 872. Calculate the remainder when 1019 is divided by i.
159
Let t = 1318 + -1116. What is the remainder when t is divided by 192?
10
Let i = -17 + 36. Suppose 8*w - 23884 = -6*w. Suppose 1704*o - w*o = -10. Calculate the remainder when i is divided by o.
4
Suppose -3380*c + 9307 = -3339*c. Calculate the remainder when c is divided by 10.
7
Suppose 34*h - 1740 = 3*h + 11404. What is the remainder when h is divided by 93?
52
Suppose 7*y + 6*y = 221. Suppose 5*l = -5, 0 - 3 = -2*z - 3*l. Suppose -309 = -5*o + 4*p, -z*p + 16 = p. Calculate the remainder when o is divided by y.
14
Suppose -4*o + u + 56 = 0, -5*o + 29*u - 30*u = -79. Suppose -2*a = 2*a - 156. Calculate the remainder when a is divided by o.
9
Calculate the remainder when ((-330)/(-605) + 3/55)/((-5)/(-19025)) is divided by 455.
8
What is the remainder when (-26 - -147) + 3*-1 is divided by (-4)/(-10) - 3696/(-210)?
10
Let l = -836 + 870. Suppose 227 = 4*k + 3*q, -k + 29*q + 61 = l*q. Let m = 41 - 12. Calculate the remainder when k is divided by m.
27
Let q = 7588 + -6722. What is the remainder when q is divided by 87?
83
Suppose 12*i - 52 = -2*s + 8*i, -4*s + 2*i = -54. Suppose -b = -s - 0. What is the remainder when 116 is divided by b?
4
Let f(r) = -11*r**3 - 2*r**2 - 3*r - 1. Suppose 14*m - 7 = -21. Calculate the remainder when 30 is divided by f(m).
8
Let h(r) = -7*r**2 - 47*r + 15. Let m be h(-7). Calculate the remainder when 11 is divided by (-5)/m*(24/(-15) - -1).
2
Let t(h) = 3*h + 2. Let u be t(2). Suppose 5*b = 5*g - 130, -5*g - 50 = b - 204. Suppose u*v - 74 - g = 0. What is the remainder when v is divided by 2?
1
Suppose 849 = -4*a + 16*a + 189. What is the remainder when 1317 is divided by a?
52
Let a = 761 - 1272. Let p = -491 - a. Calculate the remainder when p is divided by 4.
0
Suppose 58 = 3*a - 5*l, 0 = 3*a - l - 24 - 38. Calculate the remainder when 1397 is divided by a.
11
Let j(d) = -4*d**3 - d**2 - 2*d - 2. Suppose 226*b - 2995 = 221*b. Let h = -583 + b. What is the remainder when j(-2) is divided by h?
14
Let h = 1258 + -916. What is the remainder when h is divided by 32?
22
Let h(n) = -n**3 - 11*n**2 - n - 4. Let v be h(-11). Suppose q = -v*q + 1048. Calculate the remainder when q is divided by 19.
17
Let v(q) = 2*q**2 + 3*q - 41. Let u be v(4). Suppose 4 + 30 = 5*o - u*h, 0 = -5*o - 4*h + 48. What is the remainder when 132 is divided by o?
4
Suppose 25*d - 342 = -4*h + 30*d, 2*h - 10*d - 216 = 0. Calculate the remainder when 1793 is divided by h.
77
Let z(l) = -2*l**2 - 55*l - 362. Suppose 0 = -5*s - 15 + 65. Let q = 26 - s. Calculate the remainder when q is divided by z(-12).
6
Let v be ((-220)/(-15))/(4/462). Suppose 2*g = -398 + v. Calculate the remainder when g is divided by 59.
58
What is the remainder when 229 is divided by 176/20 - ((-18)/(-81) + (-38)/90)?
4
Let p = 278 - 258. Suppose -5*h - 200 = -3*q + p, 210 = 3*q - 3*h. Calculate the remainder when q is divided by 9.
2
Let i be 144/(-30) - (-2)/(-10). Let o(c) = c**3 + 9*c**2 + c - 11. What is the remainder when 249 is divided by o(i)?
81
Let t be (-36)/10 - -4*6/40. Let u be (t/2 + (-2)/4)*2. Calculate the remainder when (-115)/u + (-6)/8 is divided by 12.
4
Let j be -1 + 28/35 + 6676/5. Let q = 1363 - j. Suppose -5*c + 5*k + 545 = 0, -k = 3 - 5. What is the remainder when c is divided by q?
27
Suppose -29087 = -887*j + 828*j. What is the remainder when j is divided by 63?
52
Let r(y) = -1261*y - 4387. Calculate the remainder when r(-4) is divided by 221.
215
Suppose 0 = -9*o - 29 + 119. What is the remainder when 4 - ((-364)/o - (-24)/60) is divided by 27?
13
Calculate the remainder when (294/(-21))/(6/(-33)) is divided by 4.
1
Suppose -318*p + 322*p = 27448. Calculate the remainder when p is divided by 22.
20
Let a = -15076 + 15114. What is the remainder when 381 is divided by a?
1
Let w(m) = 5*m**2 - 17*m + 32. Calculate the remainder when w(-8) is divided by 12.
8
Let q(v) = -13*v - 964. Calculate the remainder when 33 is divided by q(-75).
0
Calculate the remainder when (2 + 52 - 88)*(-17)/(-4)*-2 is divided by 70.
9
Suppose -3*i + 2*o + 679 = 0, -5*o + 8 = 18. Suppose -2*a = 125 - i. Calculate the remainder when 164 is divided by a.
14
Let k(f) = f**2 + 425*f + 4584. What is the remainder when 22437 is divided by k(-11)?
27
Suppose -358 = -7*b + 125. Suppose -4*f - 1 = -b. Let k = 52 + -4. What is the remainder when k is divided by f?
14
Suppose h - i - 88 = 0, -10*h + 7*h + 5*i = -276. Calculate the remainder when 396 is divided by h.
68
Suppose -87*c + 29750 = 163*c. Calculate the remainder when c is divided by 25.
19
Let b(t) = t**3 + 17*t**2 + 9*t - 109. Let h(u) = -u**3 + 16*u**2 - 27*u - 30. Let d be h(14). What is the remainder when 22 is divided by b(d)?
1
Suppose 3345 = -39*a + 9390. Calculate the remainder when 779 is divided by a.
4
Let x(c) = -27*c + 315. Suppose 27 = 4*h - t - 16, t = -3. Calculate the remainder when x(h) is divided by 26.
19
Let p(d) = -1 - 32*d - 2 - 26*d. Suppose -5*a + 107 = 3*o, -57 - 58 = -5*a - 5*o. What is the remainder when p(-1) is divided by a?
17
Let x = 231 + -34. Let t(d) = -d**3 - 22*d**2 + 45*d - 68. Calculate the remainder when x is divided by t(-24).
1
Let c(w) = w + 1. Let a(l) = -9*l - 5. Let o(j) = -2*a(j) - 14*c(j). Let q(p) = 16*p + 78. What is the remainder when q(9) is divided by o(8)?
26
Suppose c = g - 4, 5*c + 2 = -3*g + 6. Let y be (-1091)/(-4) + c/(-4). Suppose -63 + y = 3*x. Calculate the remainder when x is divided by 6.
4
Suppose 11 = 5*v + 61. Suppose -2*u = 4, 3*t + 0*u - 3*u = 153. Calculate the remainder when t is divided by -4 - -9 - 2*v.
24
Suppose -4*c - 950 = -s, 5*c - 4650 = -133*s + 128*s. Calculate the remainder when s is divided by 36.
34
Suppose 0 = -3*s + 41 + 61. Let z be 1/((-4)/28) - -3. Let d = 11 + z. What is the remainder when s is divided by d?
6
Suppose 0 = -3*c + 8*c - 2*b - 2763, 2*c + 3*b = 1109. What is the remainder when c is divided by 97?
68
Let o = 211 - 210. Calculate the remainder when (6/9)/(o/33) is divided by 6.
4
Let f = -122 + -63. Let i = f - -223. Calculate the remainder when 263 is divided by i.
35
What is the remainder when 159 is divided by 70/(-20)*(1/(-14)*-46 - 5)?
3
Let j(v) = v**3 - 5*v**2 - 5*v + 5. Let m(c) = -41*c**2 + 23*c + 24. Let x be m(-1). What is the remainder when x/(-32) - (268/(-16) - 3) is divided by j(6)?
10
Let f(r) = -r**2 - 22*r + 55. Suppose -117*w = -112*w - 65. What is the remainder when w is divided by f(-24)?
6
Let w(q) be the second derivative of q**4/4 - 8*q**3 + 15*q**2/2 - 2*q - 3. What is the remainder when 28 is divided by w(16)?
13
Let h be ((-59)/(-4))/((-8)/128). Let r = -223 - h. What is the remainder when (8/(-10))/((-6)/180) is divided by r?
11
Suppose -3*u + 123 = -3*y, -2*y - 77 = -4*u + 3. Let l = 62 - y. Calculate the remainder when l is divided by 99 + -75 - (-1 - 2).
23
Suppose 0 = -2*s - 6, 0 = -0*a + 4*a + 5*s + 371. Let y = a + 96. Let r(j) = 13*j - 51. Calculate the remainder when r(y) is divided by 22.
18
Suppose 5*c = -3*s + 7, 4*s - 13 = -4*c - 1. Calculate the remainder when 59 is divided by (s + -1 - 7) + 13*2.
15
Let d = 24 - 124. Calculate the remainder when 145/3 + 1/(-3) is divided by d/(-6)*57/38.
23
Suppose -7*i - 12 = -11*i. Suppose -i*z - 5*g = -